{"id":23,"date":"2015-05-25T12:22:41","date_gmt":"2015-05-25T10:22:41","guid":{"rendered":"http:\/\/new.dwspit.pl\/konferencje\/?page_id=23"},"modified":"2019-04-25T12:56:21","modified_gmt":"2019-04-25T10:56:21","slug":"kontakt","status":"publish","type":"page","link":"https:\/\/konferencje.ujw.pl\/praktyka-przemyslowa\/index.php\/kontakt\/","title":{"rendered":"KONTAKT"},"content":{"rendered":"<p><strong>Korespondencj\u0119 prosz\u0119 kierowa\u0107 na adres:<\/strong><\/p>\n<p><strong>Uczelnia Jana Wy\u017cykowskiego<\/strong><\/p>\n<p><strong>ul. Skalnik\u00f3w 6b<\/strong><\/p>\n<p><strong>59-101 Polkowice<\/strong><\/p>\n<p>z dopiskiem: <em>Konferencja 2019<\/em><\/p>\n<p>&nbsp;<\/p>\n<p><strong>W sprawach organizacyjnych i wydawniczych:<\/strong><\/p>\n<p>dr\u00a0<strong>Jan Walczak<\/strong>, g\u0142\u00f3wny spec. ds. promocji i wydawnictw<\/p>\n<p>UJW w Polkowicach<\/p>\n<p>e-mail: j.walczak@ujw.pl<\/p>\n<p>tel. 76\u00a0746 53 37, 504\u00a0900 746.<\/p>\n<p>&nbsp;<\/p>\n<p><strong>W sprawach naukowych prosimy o kontakt:<\/strong><\/p>\n<p>Dziekan Wydzia\u0142u Nauk Technicznych<\/p>\n<p>prof. dr hab. in\u017c. <strong>Stanis\u0142aw Piesiak<\/strong><\/p>\n<p>e-mail: s.piesiak@ujw.pl, stanislaw.piesiak@pwr.edu.pl<\/p>\n<p>tel. 501\u00a0023\u00a0679<\/p>\n<p>&nbsp;<\/p>\n<p>&nbsp;<\/p>\n<p>&nbsp;<\/p>\n<p>&nbsp;<\/p>\n<p>&nbsp;<\/p>\n","protected":false},"excerpt":{"rendered":"<p>Korespondencj\u0119 prosz\u0119 kierowa\u0107 na adres: Uczelnia Jana Wy\u017cykowskiego ul. Skalnik\u00f3w 6b 59-101 Polkowice z dopiskiem: Konferencja 2019 &nbsp; W sprawach organizacyjnych i wydawniczych: dr\u00a0Jan Walczak, g\u0142\u00f3wny spec. ds. promocji i <a class=\"more-link\" href=\"https:\/\/konferencje.ujw.pl\/praktyka-przemyslowa\/index.php\/kontakt\/\">Continue Reading &amp;amp;amp;amp;amp;amp;amp;amp;amp;amp;amp;amp;amp;amp;amp;amp;rarr;<\/a><\/p>\n","protected":false},"author":1,"featured_media":0,"parent":0,"menu_order":4,"comment_status":"open","ping_status":"closed","template":"","meta":[],"_links":{"self":[{"href":"https:\/\/konferencje.ujw.pl\/praktyka-przemyslowa\/index.php\/wp-json\/wp\/v2\/pages\/23"}],"collection":[{"href":"https:\/\/konferencje.ujw.pl\/praktyka-przemyslowa\/index.php\/wp-json\/wp\/v2\/pages"}],"about":[{"href":"https:\/\/konferencje.ujw.pl\/praktyka-przemyslowa\/index.php\/wp-json\/wp\/v2\/types\/page"}],"author":[{"embeddable":true,"href":"https:\/\/konferencje.ujw.pl\/praktyka-przemyslowa\/index.php\/wp-json\/wp\/v2\/users\/1"}],"replies":[{"embeddable":true,"href":"https:\/\/konferencje.ujw.pl\/praktyka-przemyslowa\/index.php\/wp-json\/wp\/v2\/comments?post=23"}],"version-history":[{"count":13,"href":"https:\/\/konferencje.ujw.pl\/praktyka-przemyslowa\/index.php\/wp-json\/wp\/v2\/pages\/23\/revisions"}],"predecessor-version":[{"id":404,"href":"https:\/\/konferencje.ujw.pl\/praktyka-przemyslowa\/index.php\/wp-json\/wp\/v2\/pages\/23\/revisions\/404"}],"wp:attachment":[{"href":"https:\/\/konferencje.ujw.pl\/praktyka-przemyslowa\/index.php\/wp-json\/wp\/v2\/media?parent=23"}],"curies":[{"name":"wp","href":"https:\/\/api.w.org\/{rel}","templated":true}]}}