{"id":45,"date":"2015-05-25T13:17:16","date_gmt":"2015-05-25T11:17:16","guid":{"rendered":"http:\/\/new.dwspit.pl\/konferencje\/?page_id=45"},"modified":"2019-04-25T13:04:58","modified_gmt":"2019-04-25T11:04:58","slug":"uczestnictwo-3","status":"publish","type":"page","link":"https:\/\/konferencje.ujw.pl\/praktyka-przemyslowa\/index.php\/uczestnictwo-3\/","title":{"rendered":"UCZESTNICTWO"},"content":{"rendered":"<p>Zg\u0142oszenie czynnego udzia\u0142u w konferencji wraz z abstraktem nale\u017cy przes\u0142a\u0107 (w formie elektronicznej lub drog\u0105 pocztow\u0105) na adres organizatora do dnia 14.04.2019 r.<\/p>\n","protected":false},"excerpt":{"rendered":"<p>Zg\u0142oszenie czynnego udzia\u0142u w konferencji wraz z abstraktem nale\u017cy przes\u0142a\u0107 (w formie elektronicznej lub drog\u0105 pocztow\u0105) na adres organizatora do dnia 14.04.2019 r.<\/p>\n","protected":false},"author":1,"featured_media":0,"parent":0,"menu_order":0,"comment_status":"open","ping_status":"open","template":"","meta":[],"_links":{"self":[{"href":"https:\/\/konferencje.ujw.pl\/praktyka-przemyslowa\/index.php\/wp-json\/wp\/v2\/pages\/45"}],"collection":[{"href":"https:\/\/konferencje.ujw.pl\/praktyka-przemyslowa\/index.php\/wp-json\/wp\/v2\/pages"}],"about":[{"href":"https:\/\/konferencje.ujw.pl\/praktyka-przemyslowa\/index.php\/wp-json\/wp\/v2\/types\/page"}],"author":[{"embeddable":true,"href":"https:\/\/konferencje.ujw.pl\/praktyka-przemyslowa\/index.php\/wp-json\/wp\/v2\/users\/1"}],"replies":[{"embeddable":true,"href":"https:\/\/konferencje.ujw.pl\/praktyka-przemyslowa\/index.php\/wp-json\/wp\/v2\/comments?post=45"}],"version-history":[{"count":3,"href":"https:\/\/konferencje.ujw.pl\/praktyka-przemyslowa\/index.php\/wp-json\/wp\/v2\/pages\/45\/revisions"}],"predecessor-version":[{"id":408,"href":"https:\/\/konferencje.ujw.pl\/praktyka-przemyslowa\/index.php\/wp-json\/wp\/v2\/pages\/45\/revisions\/408"}],"wp:attachment":[{"href":"https:\/\/konferencje.ujw.pl\/praktyka-przemyslowa\/index.php\/wp-json\/wp\/v2\/media?parent=45"}],"curies":[{"name":"wp","href":"https:\/\/api.w.org\/{rel}","templated":true}]}}