{"id":89,"date":"2015-05-25T14:01:33","date_gmt":"2015-05-25T12:01:33","guid":{"rendered":"http:\/\/new.dwspit.pl\/konferencje\/?page_id=89"},"modified":"2019-04-25T12:56:44","modified_gmt":"2019-04-25T10:56:44","slug":"zakres-tematyczny","status":"publish","type":"page","link":"https:\/\/konferencje.ujw.pl\/praktyka-przemyslowa\/index.php\/problematyka\/zakres-tematyczny\/","title":{"rendered":"Zakres tematyczny"},"content":{"rendered":"<p>Zakres tematyczny Konferencji dotyczy zagadnie\u0144 zwi\u0105zanych z szeroko rozumian\u0105:<\/p>\n<ol>\n<li>geologi\u0105 i g\u00f3rnictwem,<\/li>\n<li>automatyk\u0105 proces\u00f3w przemys\u0142owych,<\/li>\n<li>mechatronik\u0105, mikrohydraulik\u0105 i sterowaniem w urz\u0105dzeniach technicznych,<\/li>\n<li>informatyk\u0105,<\/li>\n<li>logistyk\u0105,<\/li>\n<li>zarzadzaniem i in\u017cynieri\u0105 produkcji.<\/li>\n<\/ol>\n","protected":false},"excerpt":{"rendered":"<p>Zakres tematyczny Konferencji dotyczy zagadnie\u0144 zwi\u0105zanych z szeroko rozumian\u0105: geologi\u0105 i g\u00f3rnictwem, automatyk\u0105 proces\u00f3w przemys\u0142owych, mechatronik\u0105, mikrohydraulik\u0105 i sterowaniem w urz\u0105dzeniach technicznych, informatyk\u0105, logistyk\u0105, zarzadzaniem i in\u017cynieri\u0105 produkcji.<\/p>\n","protected":false},"author":1,"featured_media":0,"parent":40,"menu_order":0,"comment_status":"open","ping_status":"open","template":"","meta":[],"_links":{"self":[{"href":"https:\/\/konferencje.ujw.pl\/praktyka-przemyslowa\/index.php\/wp-json\/wp\/v2\/pages\/89"}],"collection":[{"href":"https:\/\/konferencje.ujw.pl\/praktyka-przemyslowa\/index.php\/wp-json\/wp\/v2\/pages"}],"about":[{"href":"https:\/\/konferencje.ujw.pl\/praktyka-przemyslowa\/index.php\/wp-json\/wp\/v2\/types\/page"}],"author":[{"embeddable":true,"href":"https:\/\/konferencje.ujw.pl\/praktyka-przemyslowa\/index.php\/wp-json\/wp\/v2\/users\/1"}],"replies":[{"embeddable":true,"href":"https:\/\/konferencje.ujw.pl\/praktyka-przemyslowa\/index.php\/wp-json\/wp\/v2\/comments?post=89"}],"version-history":[{"count":5,"href":"https:\/\/konferencje.ujw.pl\/praktyka-przemyslowa\/index.php\/wp-json\/wp\/v2\/pages\/89\/revisions"}],"predecessor-version":[{"id":405,"href":"https:\/\/konferencje.ujw.pl\/praktyka-przemyslowa\/index.php\/wp-json\/wp\/v2\/pages\/89\/revisions\/405"}],"up":[{"embeddable":true,"href":"https:\/\/konferencje.ujw.pl\/praktyka-przemyslowa\/index.php\/wp-json\/wp\/v2\/pages\/40"}],"wp:attachment":[{"href":"https:\/\/konferencje.ujw.pl\/praktyka-przemyslowa\/index.php\/wp-json\/wp\/v2\/media?parent=89"}],"curies":[{"name":"wp","href":"https:\/\/api.w.org\/{rel}","templated":true}]}}