{"id":102,"date":"2015-10-16T12:21:34","date_gmt":"2015-10-16T10:21:34","guid":{"rendered":"http:\/\/konferencje.dwspit.pl\/spolecznosci-lokalne\/?page_id=102"},"modified":"2019-11-06T17:48:00","modified_gmt":"2019-11-06T16:48:00","slug":"publikacje","status":"publish","type":"page","link":"https:\/\/konferencje.ujw.pl\/spolecznosci-lokalne\/index.php\/ustalenia-organizacyjne\/publikacje\/","title":{"rendered":"Publikacje UJW z cyklu &#8222;Spo\u0142eczno\u015bci lokalne&#8221;"},"content":{"rendered":"<p><a href=\"http:\/\/konferencje.ujw.pl\/spolecznosci-lokalne\/wp-content\/uploads\/2015\/10\/SPO\u0141ECZNO\u015aCI-OK\u0141ADKA.jpg\"><img loading=\"lazy\" class=\"wp-image-107 alignleft\" src=\"http:\/\/konferencje.ujw.pl\/spolecznosci-lokalne\/wp-content\/uploads\/2015\/10\/SPO\u0141ECZNO\u015aCI-OK\u0141ADKA-212x300.jpg\" alt=\"SPO\u0141ECZNO\u015aCI OK\u0141ADKA\" width=\"125\" height=\"177\" srcset=\"https:\/\/konferencje.ujw.pl\/spolecznosci-lokalne\/wp-content\/uploads\/2015\/10\/SPO\u0141ECZNO\u015aCI-OK\u0141ADKA-212x300.jpg 212w, https:\/\/konferencje.ujw.pl\/spolecznosci-lokalne\/wp-content\/uploads\/2015\/10\/SPO\u0141ECZNO\u015aCI-OK\u0141ADKA-723x1024.jpg 723w, https:\/\/konferencje.ujw.pl\/spolecznosci-lokalne\/wp-content\/uploads\/2015\/10\/SPO\u0141ECZNO\u015aCI-OK\u0141ADKA.jpg 983w\" sizes=\"(max-width: 125px) 100vw, 125px\" \/><\/a><\/p>\n<p>Konferencje o spo\u0142eczno\u015bciach lokalnych maj\u0105 charakter cykliczny, organizowane s\u0105 we wsp\u00f3\u0142pracy z samorz\u0105dami lokalnymi miast Dolnego \u015al\u0105ska od 2007 roku. Pocz\u0105tkowo tematy konferencji dotyczy\u0142y g\u0142\u00f3wnie zagadnie\u0144 edukacyjnych, takich jak: \u201eStrategie o\u015bwiatowe wobec problematyki migracyjnej uczni\u00f3w i wyzwa\u0144 edukacji przedszkolnej\u201d K\u0142odzko 2007; \u201eLokalne strategie o\u015bwiatowe w polityce edukacyjnej w\u0142adz regionalnych i centralnych\u201d Wa\u0142brzych 2008; \u201eZr\u00f3wnowa\u017cony rozw\u00f3j spo\u0142eczno\u015bci lokalnych w perspektywie edukacyjnej\u201d \u015awidnica 2009; \u201eLokalne potrzeby edukacyjne w perspektywie kszta\u0142cenia w uczelniach wy\u017cszych\u201d Legnica 2010). Od roku 2011, kiedy partnerem Dolno\u015bl\u0105skiej Szko\u0142y Wy\u017cszej zosta\u0142a Dolno\u015bl\u0105ska Wy\u017csza Szko\u0142a Przedsi\u0119biorczo\u015bci i Techniki w Polkowicach (obecnie po po\u0142\u0105czeniu z Uczelni\u0105 Zawodow\u0105 Zag\u0142\u0119bia Miedziowego w Lubinie \u2013 Uczelnia Jana Wy\u017cykowskiego) problematyka zosta\u0142a poszerzona (\u201eSpo\u0142eczno\u015bci lokalne &#8211; problemy, zmiany, rozw\u00f3j\u201d Polkowice 2011; \u201eSpo\u0142eczno\u015bci lokalne w perspektywie wyzwa\u0144 wsp\u00f3\u0142czesno\u015bci\u201d \u017bary 2012; \u201eSpo\u0142eczno\u015bci lokalne. Przestrze\u0144 dla wsp\u00f3\u0142pracy i rozwoju\u201d Wroc\u0142aw 2013; \u201eSpo\u0142eczno\u015bci lokalne jako miejsca zmian. Teoria i praktyka\u201d K\u0142odzko 2014).<\/p>\n<p style=\"text-align: justify;\">Szczeg\u00f3lny charakter mia\u0142a konferencja naukowa (Polkowice 2015) pn. \u201eSpo\u0142eczno\u015bci lokalne \u2013 25 lat odrodzonej samorz\u0105dno\u015bci \u2013 perspektywa interdyscyplinarna\u201d, kt\u00f3ra po raz pierwszy odby\u0142a si\u0119 pod patronatem Fundacji Instytut Lecha Wa\u0142\u0119sy, a go\u015bciem specjalnym tego wydarzenia by\u0142 s\u0119dzia Jerzy St\u0119pie\u0144.<\/p>\n<p style=\"text-align: justify;\"><strong>Owocem obrad konferencyjnych s\u0105 nast\u0119puj\u0105ce monografie:<\/strong><\/p>\n<ol>\n<li style=\"text-align: justify;\"><em>Spo\u0142eczno\u015bci lokalne. Problemy &#8211; zmiany &#8211; rozw\u00f3j<\/em>, red. M. Adamczyk, A. Chmiel, Polkowice 2012, ss. 181 &#8211; <strong><strong><a href=\"http:\/\/konferencje.ujw.pl\/spolecznosci-lokalne\/wp-content\/uploads\/2015\/10\/I-cz\u0119\u015b\u0107-Spo\u0142eczno\u015bci-lokalne-indd.indd_.pdf\">POBIERZ<\/a><\/strong><\/strong><\/li>\n<li style=\"text-align: justify;\"><em>Spo\u0142eczno\u015bci lokalne. W perspektywie wyzwa\u0144 wsp\u00f3\u0142czesno\u015bci<\/em>, red. M. Adamczyk, T.B. Chmiel, Polkowice-Wroc\u0142aw-\u017bary 2013, ss. 260 &#8211; <strong><strong><a href=\"http:\/\/konferencje.ujw.pl\/spolecznosci-lokalne\/wp-content\/uploads\/2015\/10\/srodki-2013.pdf\">POBIERZ<\/a><\/strong><\/strong><\/li>\n<li style=\"text-align: justify;\"><em>Spo\u0142eczno\u015bci lokalne przestrze\u0144 dla wsp\u00f3\u0142pracy i rozwoju<\/em>, red. M. Adamczyk, A. Chmiel, Polkowice-Wroc\u0142aw 2014, ss. 222 &#8211; <strong><strong><a href=\"http:\/\/konferencje.ujw.pl\/spolecznosci-lokalne\/wp-content\/uploads\/2015\/10\/Spolecznosci_lokalne_31_10_2014.pdf\">POBIERZ<\/a><\/strong><\/strong><\/li>\n<li style=\"text-align: justify;\"><em>Spo\u0142eczno\u015bci lokalne jako miejsca zmian. Teoria i praktyka<\/em>, red. M. Adamczyk, W Olszewski, Polkowice 2015, ss. 298 &#8211; <strong><a href=\"http:\/\/konferencje.ujw.pl\/spolecznosci-lokalne\/wp-content\/uploads\/2015\/10\/srodki-02-1.pdf\">POBIERZ<\/a><\/strong><\/li>\n<li style=\"text-align: justify;\"><em>Spo\u0142eczno\u015bci lokalne w 25-leciu odrodzonej samorz\u0105dno\u015bci. Perspektywa\u00a0interdyscyplinarna<\/em>, red. M. Adamczyk, W Olszewski, Polkowice 2016, ss. 262 &#8211; <strong><strong><a href=\"http:\/\/konferencje.ujw.pl\/spolecznosci-lokalne\/wp-content\/uploads\/2015\/10\/Srodki-So\u0142ecznosci...-02.pdf\">POBIERZ<\/a><\/strong><\/strong><\/li>\n<li style=\"text-align: justify;\">Rocznik &#8222;Spo\u0142eczno\u015bci Lokalne. Studia Interdyscyplinarne&#8221;, nr 1\/2017 &#8211; <strong><a href=\"http:\/\/konferencje.ujw.pl\/spolecznosci-lokalne\/wp-content\/uploads\/2015\/10\/Srodki-Spo\u0142eczno\u015bci-Lokalne.pdf\">POBIERZ<\/a><\/strong><\/li>\n<li style=\"text-align: justify;\">Rocznik &#8222;Spo\u0142eczno\u015bci Lokalne. Studia Interdyscyplinarne&#8221;, nr 2\/2018<\/li>\n<li style=\"text-align: justify;\">Rocznik &#8222;Spo\u0142eczno\u015bci Lokalne. Studia Interdyscyplinarne&#8221;, nr 3\/2019\u00a0<strong><a href=\"http:\/\/konferencje.ujw.pl\/spolecznosci-lokalne\/wp-content\/uploads\/2015\/10\/na-stron\u0119-druk.pdf\">POBIERZ<\/a><\/strong><\/li>\n<\/ol>\n<p>Zobacz stron\u0119 czasopisma\u00a0<a href=\"http:\/\/rb.ujw.pl\/local\/\">&#8222;Spo\u0142eczno\u015bci Lokalne. Studia Interdyscyplinarne&#8221;<\/a><\/p>\n<p>&nbsp;<\/p>\n","protected":false},"excerpt":{"rendered":"<p>Konferencje o spo\u0142eczno\u015bciach lokalnych maj\u0105 charakter cykliczny, organizowane s\u0105 we wsp\u00f3\u0142pracy z samorz\u0105dami lokalnymi miast Dolnego \u015al\u0105ska od 2007 roku. Pocz\u0105tkowo tematy konferencji dotyczy\u0142y g\u0142\u00f3wnie zagadnie\u0144 edukacyjnych, takich jak: \u201eStrategie <a class=\"more-link\" href=\"https:\/\/konferencje.ujw.pl\/spolecznosci-lokalne\/index.php\/ustalenia-organizacyjne\/publikacje\/\">Continue Reading &amp;amp;amp;amp;amp;amp;amp;amp;amp;amp;amp;amp;amp;amp;amp;amp;amp;amp;amp;amp;amp;amp;amp;amp;amp;rarr;<\/a><\/p>\n","protected":false},"author":2,"featured_media":0,"parent":16,"menu_order":0,"comment_status":"closed","ping_status":"closed","template":"","meta":[],"_links":{"self":[{"href":"https:\/\/konferencje.ujw.pl\/spolecznosci-lokalne\/index.php\/wp-json\/wp\/v2\/pages\/102"}],"collection":[{"href":"https:\/\/konferencje.ujw.pl\/spolecznosci-lokalne\/index.php\/wp-json\/wp\/v2\/pages"}],"about":[{"href":"https:\/\/konferencje.ujw.pl\/spolecznosci-lokalne\/index.php\/wp-json\/wp\/v2\/types\/page"}],"author":[{"embeddable":true,"href":"https:\/\/konferencje.ujw.pl\/spolecznosci-lokalne\/index.php\/wp-json\/wp\/v2\/users\/2"}],"replies":[{"embeddable":true,"href":"https:\/\/konferencje.ujw.pl\/spolecznosci-lokalne\/index.php\/wp-json\/wp\/v2\/comments?post=102"}],"version-history":[{"count":47,"href":"https:\/\/konferencje.ujw.pl\/spolecznosci-lokalne\/index.php\/wp-json\/wp\/v2\/pages\/102\/revisions"}],"predecessor-version":[{"id":540,"href":"https:\/\/konferencje.ujw.pl\/spolecznosci-lokalne\/index.php\/wp-json\/wp\/v2\/pages\/102\/revisions\/540"}],"up":[{"embeddable":true,"href":"https:\/\/konferencje.ujw.pl\/spolecznosci-lokalne\/index.php\/wp-json\/wp\/v2\/pages\/16"}],"wp:attachment":[{"href":"https:\/\/konferencje.ujw.pl\/spolecznosci-lokalne\/index.php\/wp-json\/wp\/v2\/media?parent=102"}],"curies":[{"name":"wp","href":"https:\/\/api.w.org\/{rel}","templated":true}]}}