{"id":12,"date":"2015-09-22T09:03:43","date_gmt":"2015-09-22T07:03:43","guid":{"rendered":"http:\/\/konferencje.dwspit.pl\/spolecznosci-lokalne\/?page_id=12"},"modified":"2019-11-07T11:01:52","modified_gmt":"2019-11-07T10:01:52","slug":"komitet-naukowy","status":"publish","type":"page","link":"https:\/\/konferencje.ujw.pl\/spolecznosci-lokalne\/index.php\/organizacja-konferencji\/komitet-naukowy\/","title":{"rendered":"Komitet naukowy"},"content":{"rendered":"<p><strong>\u00a0prof. nadzw. dr hab. Ewa Kurantowicz<\/strong> \u2013 kierownik naukowy &#8211; Dolno\u015bl\u0105ska Szko\u0142a Wy\u017csza<\/p>\n<p><strong>prof. zw. dr hab. Stefan Micha\u0142 Kwiatkowski<\/strong> \u2013 Akademia Pedagogiki Specjalnej im. Marii Grzegorzewskiej w Warszawie, zast\u0119pca przewodnicz\u0105cego Komitetu Nauk Pedagogicznych PAN<\/p>\n<p><strong>prof. zw. dr hab. Kazimierz Przyszczypkowski<\/strong> \u2013 Uniwersytet im. Adama Mickiewicza<br \/>\nw Poznaniu<\/p>\n<p><strong>prof. zw. dr hab. Stanis\u0142aw Czaja<\/strong> \u2013 Uniwersytet Ekonomiczny we Wroc\u0142awiu<\/p>\n<p><strong>prof. nadzw. dr hab. El\u017cbieta Perzycka<\/strong> \u2013 Uniwersytet Szczeci\u0144ski<\/p>\n<p><strong>prof. nadzw. dr hab. Krzysztof Kociubi\u0144ski<\/strong> \u2013 Uniwersytet Wroc\u0142awski<\/p>\n<p><strong>prof. nadzw. dr hab. Eunika Baron-Pola\u0144czyk<\/strong> \u2013 Uniwersytet Zielonog\u00f3rski<\/p>\n<p><strong>dr W\u0142odzimierz Olszewski, prof. UJW\u00a0<\/strong>\u2013 Uczelnia Jana Wy\u017cykowskiego<\/p>\n","protected":false},"excerpt":{"rendered":"<p>\u00a0prof. nadzw. dr hab. Ewa Kurantowicz \u2013 kierownik naukowy &#8211; Dolno\u015bl\u0105ska Szko\u0142a Wy\u017csza prof. zw. dr hab. Stefan Micha\u0142 Kwiatkowski \u2013 Akademia Pedagogiki Specjalnej im. Marii Grzegorzewskiej w Warszawie, zast\u0119pca <a class=\"more-link\" href=\"https:\/\/konferencje.ujw.pl\/spolecznosci-lokalne\/index.php\/organizacja-konferencji\/komitet-naukowy\/\">Continue Reading &amp;amp;amp;amp;amp;amp;amp;amp;amp;amp;amp;amp;amp;amp;amp;amp;amp;amp;amp;amp;amp;amp;amp;amp;amp;rarr;<\/a><\/p>\n","protected":false},"author":2,"featured_media":0,"parent":34,"menu_order":0,"comment_status":"closed","ping_status":"closed","template":"","meta":[],"_links":{"self":[{"href":"https:\/\/konferencje.ujw.pl\/spolecznosci-lokalne\/index.php\/wp-json\/wp\/v2\/pages\/12"}],"collection":[{"href":"https:\/\/konferencje.ujw.pl\/spolecznosci-lokalne\/index.php\/wp-json\/wp\/v2\/pages"}],"about":[{"href":"https:\/\/konferencje.ujw.pl\/spolecznosci-lokalne\/index.php\/wp-json\/wp\/v2\/types\/page"}],"author":[{"embeddable":true,"href":"https:\/\/konferencje.ujw.pl\/spolecznosci-lokalne\/index.php\/wp-json\/wp\/v2\/users\/2"}],"replies":[{"embeddable":true,"href":"https:\/\/konferencje.ujw.pl\/spolecznosci-lokalne\/index.php\/wp-json\/wp\/v2\/comments?post=12"}],"version-history":[{"count":12,"href":"https:\/\/konferencje.ujw.pl\/spolecznosci-lokalne\/index.php\/wp-json\/wp\/v2\/pages\/12\/revisions"}],"predecessor-version":[{"id":550,"href":"https:\/\/konferencje.ujw.pl\/spolecznosci-lokalne\/index.php\/wp-json\/wp\/v2\/pages\/12\/revisions\/550"}],"up":[{"embeddable":true,"href":"https:\/\/konferencje.ujw.pl\/spolecznosci-lokalne\/index.php\/wp-json\/wp\/v2\/pages\/34"}],"wp:attachment":[{"href":"https:\/\/konferencje.ujw.pl\/spolecznosci-lokalne\/index.php\/wp-json\/wp\/v2\/media?parent=12"}],"curies":[{"name":"wp","href":"https:\/\/api.w.org\/{rel}","templated":true}]}}