{"id":121,"date":"2015-10-16T13:31:43","date_gmt":"2015-10-16T11:31:43","guid":{"rendered":"http:\/\/konferencje.dwspit.pl\/spolecznosci-lokalne\/?page_id=121"},"modified":"2019-11-05T12:13:17","modified_gmt":"2019-11-05T11:13:17","slug":"patronat-2","status":"publish","type":"page","link":"https:\/\/konferencje.ujw.pl\/spolecznosci-lokalne\/index.php\/patronat-2\/","title":{"rendered":"Patronat"},"content":{"rendered":"<p>&nbsp;<\/p>\n<p>&nbsp;<\/p>\n<p><strong>Patronat nad Konferencj\u0105 obj\u0119li:<\/strong><\/p>\n<p style=\"text-align: justify;\"><strong>Burmistrz Polkowic\u00a0<\/strong><\/p>\n<p><a href=\"http:\/\/konferencje.ujw.pl\/spolecznosci-lokalne\/wp-content\/uploads\/2015\/10\/logo.jpg\"><img loading=\"lazy\" class=\"alignnone wp-image-528\" src=\"http:\/\/konferencje.ujw.pl\/spolecznosci-lokalne\/wp-content\/uploads\/2015\/10\/logo-300x99.jpg\" alt=\"logo\" width=\"315\" height=\"104\" srcset=\"https:\/\/konferencje.ujw.pl\/spolecznosci-lokalne\/wp-content\/uploads\/2015\/10\/logo-300x99.jpg 300w, https:\/\/konferencje.ujw.pl\/spolecznosci-lokalne\/wp-content\/uploads\/2015\/10\/logo-1024x339.jpg 1024w\" sizes=\"(max-width: 315px) 100vw, 315px\" \/><\/a><\/p>\n<p>&nbsp;<\/p>\n<p>&nbsp;<\/p>\n<p><strong>Starosta Powiatu Polkowickiego\u00a0<\/strong><\/p>\n<p><a href=\"http:\/\/konferencje.ujw.pl\/spolecznosci-lokalne\/wp-content\/uploads\/2015\/10\/2.png\"><img loading=\"lazy\" class=\"alignnone wp-image-446\" src=\"http:\/\/konferencje.ujw.pl\/spolecznosci-lokalne\/wp-content\/uploads\/2015\/10\/2-251x300.png\" alt=\"2\" width=\"220\" height=\"263\" srcset=\"https:\/\/konferencje.ujw.pl\/spolecznosci-lokalne\/wp-content\/uploads\/2015\/10\/2-251x300.png 251w, https:\/\/konferencje.ujw.pl\/spolecznosci-lokalne\/wp-content\/uploads\/2015\/10\/2.png 502w\" sizes=\"(max-width: 220px) 100vw, 220px\" \/><\/a><\/p>\n<p>&nbsp;<\/p>\n<p><strong>Starosta Powiatu\u00a0Lubi\u0144skiego<\/strong><\/p>\n<p><strong><a href=\"http:\/\/konferencje.ujw.pl\/spolecznosci-lokalne\/wp-content\/uploads\/2015\/10\/Herb-powiatu-lubi\u0144skiego.png\"><img loading=\"lazy\" class=\"alignnone wp-image-512\" src=\"http:\/\/konferencje.ujw.pl\/spolecznosci-lokalne\/wp-content\/uploads\/2015\/10\/Herb-powiatu-lubi\u0144skiego-257x300.png\" alt=\"Herb powiatu lubi\u0144skiego\" width=\"220\" height=\"257\" srcset=\"https:\/\/konferencje.ujw.pl\/spolecznosci-lokalne\/wp-content\/uploads\/2015\/10\/Herb-powiatu-lubi\u0144skiego-257x300.png 257w, https:\/\/konferencje.ujw.pl\/spolecznosci-lokalne\/wp-content\/uploads\/2015\/10\/Herb-powiatu-lubi\u0144skiego-878x1024.png 878w, https:\/\/konferencje.ujw.pl\/spolecznosci-lokalne\/wp-content\/uploads\/2015\/10\/Herb-powiatu-lubi\u0144skiego.png 2000w\" sizes=\"(max-width: 220px) 100vw, 220px\" \/><\/a>\u00a0<\/strong><\/p>\n<p>&nbsp;<\/p>\n<p><strong>Marsza\u0142ek Wojew\u00f3dztwa Dolno\u015bl\u0105skiego<\/strong><\/p>\n<p><a href=\"http:\/\/konferencje.ujw.pl\/spolecznosci-lokalne\/wp-content\/uploads\/2015\/10\/logo_dolnolskie-1.jpg\"><img loading=\"lazy\" class=\"alignnone wp-image-185 size-medium\" src=\"http:\/\/konferencje.ujw.pl\/spolecznosci-lokalne\/wp-content\/uploads\/2015\/10\/logo_dolnolskie-1-300x110.jpg\" alt=\"\" width=\"300\" height=\"110\" srcset=\"https:\/\/konferencje.ujw.pl\/spolecznosci-lokalne\/wp-content\/uploads\/2015\/10\/logo_dolnolskie-1-300x110.jpg 300w, https:\/\/konferencje.ujw.pl\/spolecznosci-lokalne\/wp-content\/uploads\/2015\/10\/logo_dolnolskie-1.jpg 945w\" sizes=\"(max-width: 300px) 100vw, 300px\" \/><\/a><\/p>\n<p>&nbsp;<\/p>\n<p><strong>Zwi\u0105zek Powiat\u00f3w Polskich<\/strong><\/p>\n<p><a href=\"http:\/\/konferencje.ujw.pl\/spolecznosci-lokalne\/wp-content\/uploads\/2015\/10\/ZPP.jpg\"><img loading=\"lazy\" class=\"alignnone size-medium wp-image-514\" src=\"http:\/\/konferencje.ujw.pl\/spolecznosci-lokalne\/wp-content\/uploads\/2015\/10\/ZPP-300x140.jpg\" alt=\"ZPP\" width=\"300\" height=\"140\" srcset=\"https:\/\/konferencje.ujw.pl\/spolecznosci-lokalne\/wp-content\/uploads\/2015\/10\/ZPP-300x140.jpg 300w, https:\/\/konferencje.ujw.pl\/spolecznosci-lokalne\/wp-content\/uploads\/2015\/10\/ZPP-1024x476.jpg 1024w\" sizes=\"(max-width: 300px) 100vw, 300px\" \/><\/a><\/p>\n<p>&nbsp;<\/p>\n<p><strong>Legnicka Specjalna Strefa Ekonomiczna\u00a0 \u00a0 \u00a0 \u00a0 \u00a0 \u00a0 \u00a0 \u00a0 \u00a0 \u00a0 \u00a0 \u00a0 \u00a0 \u00a0 \u00a0 \u00a0 \u00a0 \u00a0 \u00a0 \u00a0 \u00a0 \u00a0 \u00a0 \u00a0 \u00a0 \u00a0 \u00a0 \u00a0 \u00a0 \u00a0\u00a0<\/strong><\/p>\n<p><a href=\"http:\/\/konferencje.ujw.pl\/spolecznosci-lokalne\/wp-content\/uploads\/2015\/10\/lsse.png\"><img loading=\"lazy\" class=\"alignnone size-medium wp-image-510\" src=\"http:\/\/konferencje.ujw.pl\/spolecznosci-lokalne\/wp-content\/uploads\/2015\/10\/lsse-300x86.png\" alt=\"lsse\" width=\"300\" height=\"86\" srcset=\"https:\/\/konferencje.ujw.pl\/spolecznosci-lokalne\/wp-content\/uploads\/2015\/10\/lsse-300x86.png 300w, https:\/\/konferencje.ujw.pl\/spolecznosci-lokalne\/wp-content\/uploads\/2015\/10\/lsse.png 420w\" sizes=\"(max-width: 300px) 100vw, 300px\" \/><\/a><\/p>\n<p>&nbsp;<\/p>\n<p><strong>Sitech Sp. z o.o.<\/strong><\/p>\n<p><a href=\"http:\/\/konferencje.ujw.pl\/spolecznosci-lokalne\/wp-content\/uploads\/2015\/10\/Sitech.png\"><img loading=\"lazy\" class=\"alignnone size-medium wp-image-513\" src=\"http:\/\/konferencje.ujw.pl\/spolecznosci-lokalne\/wp-content\/uploads\/2015\/10\/Sitech-300x115.png\" alt=\"Sitech\" width=\"300\" height=\"115\" srcset=\"https:\/\/konferencje.ujw.pl\/spolecznosci-lokalne\/wp-content\/uploads\/2015\/10\/Sitech-300x115.png 300w, https:\/\/konferencje.ujw.pl\/spolecznosci-lokalne\/wp-content\/uploads\/2015\/10\/Sitech-1024x394.png 1024w\" sizes=\"(max-width: 300px) 100vw, 300px\" \/><\/a><\/p>\n","protected":false},"excerpt":{"rendered":"<p>&nbsp; &nbsp; Patronat nad Konferencj\u0105 obj\u0119li: Burmistrz Polkowic\u00a0 &nbsp; &nbsp; Starosta Powiatu Polkowickiego\u00a0 &nbsp; Starosta Powiatu\u00a0Lubi\u0144skiego \u00a0 &nbsp; Marsza\u0142ek Wojew\u00f3dztwa Dolno\u015bl\u0105skiego &nbsp; Zwi\u0105zek Powiat\u00f3w Polskich &nbsp; Legnicka Specjalna Strefa Ekonomiczna\u00a0 <a class=\"more-link\" href=\"https:\/\/konferencje.ujw.pl\/spolecznosci-lokalne\/index.php\/patronat-2\/\">Continue Reading &amp;amp;amp;amp;amp;amp;amp;amp;amp;amp;amp;amp;amp;amp;amp;amp;amp;amp;amp;amp;amp;amp;amp;amp;amp;rarr;<\/a><\/p>\n","protected":false},"author":2,"featured_media":0,"parent":0,"menu_order":0,"comment_status":"closed","ping_status":"closed","template":"","meta":[],"_links":{"self":[{"href":"https:\/\/konferencje.ujw.pl\/spolecznosci-lokalne\/index.php\/wp-json\/wp\/v2\/pages\/121"}],"collection":[{"href":"https:\/\/konferencje.ujw.pl\/spolecznosci-lokalne\/index.php\/wp-json\/wp\/v2\/pages"}],"about":[{"href":"https:\/\/konferencje.ujw.pl\/spolecznosci-lokalne\/index.php\/wp-json\/wp\/v2\/types\/page"}],"author":[{"embeddable":true,"href":"https:\/\/konferencje.ujw.pl\/spolecznosci-lokalne\/index.php\/wp-json\/wp\/v2\/users\/2"}],"replies":[{"embeddable":true,"href":"https:\/\/konferencje.ujw.pl\/spolecznosci-lokalne\/index.php\/wp-json\/wp\/v2\/comments?post=121"}],"version-history":[{"count":32,"href":"https:\/\/konferencje.ujw.pl\/spolecznosci-lokalne\/index.php\/wp-json\/wp\/v2\/pages\/121\/revisions"}],"predecessor-version":[{"id":537,"href":"https:\/\/konferencje.ujw.pl\/spolecznosci-lokalne\/index.php\/wp-json\/wp\/v2\/pages\/121\/revisions\/537"}],"wp:attachment":[{"href":"https:\/\/konferencje.ujw.pl\/spolecznosci-lokalne\/index.php\/wp-json\/wp\/v2\/media?parent=121"}],"curies":[{"name":"wp","href":"https:\/\/api.w.org\/{rel}","templated":true}]}}