{"id":198,"date":"2015-10-19T14:03:34","date_gmt":"2015-10-19T12:03:34","guid":{"rendered":"http:\/\/konferencje.dwspit.pl\/spolecznosci-lokalne\/?page_id=198"},"modified":"2019-11-05T09:23:12","modified_gmt":"2019-11-05T08:23:12","slug":"sponsorzy","status":"publish","type":"page","link":"https:\/\/konferencje.ujw.pl\/spolecznosci-lokalne\/index.php\/sponsorzy\/","title":{"rendered":"Partnerzy"},"content":{"rendered":"<p>Do\u0142\u0105cz do grona\u00a0Partner\u00f3w og\u00f3lnopolskiej konferencji naukowej &#8222;Spo\u0142eczno\u015bci lokalne. Zr\u00f3wnowa\u017cony rozw\u00f3j jako wyzwanie spo\u0142eczno-gospodarcze i edukacyjne&#8221;.<\/p>\n<p>Informacje: promocja@ujw.pl<\/p>\n","protected":false},"excerpt":{"rendered":"<p>Do\u0142\u0105cz do grona\u00a0Partner\u00f3w og\u00f3lnopolskiej konferencji naukowej &#8222;Spo\u0142eczno\u015bci lokalne. Zr\u00f3wnowa\u017cony rozw\u00f3j jako wyzwanie spo\u0142eczno-gospodarcze i edukacyjne&#8221;. Informacje: promocja@ujw.pl<\/p>\n","protected":false},"author":2,"featured_media":0,"parent":0,"menu_order":0,"comment_status":"closed","ping_status":"closed","template":"","meta":[],"_links":{"self":[{"href":"https:\/\/konferencje.ujw.pl\/spolecznosci-lokalne\/index.php\/wp-json\/wp\/v2\/pages\/198"}],"collection":[{"href":"https:\/\/konferencje.ujw.pl\/spolecznosci-lokalne\/index.php\/wp-json\/wp\/v2\/pages"}],"about":[{"href":"https:\/\/konferencje.ujw.pl\/spolecznosci-lokalne\/index.php\/wp-json\/wp\/v2\/types\/page"}],"author":[{"embeddable":true,"href":"https:\/\/konferencje.ujw.pl\/spolecznosci-lokalne\/index.php\/wp-json\/wp\/v2\/users\/2"}],"replies":[{"embeddable":true,"href":"https:\/\/konferencje.ujw.pl\/spolecznosci-lokalne\/index.php\/wp-json\/wp\/v2\/comments?post=198"}],"version-history":[{"count":7,"href":"https:\/\/konferencje.ujw.pl\/spolecznosci-lokalne\/index.php\/wp-json\/wp\/v2\/pages\/198\/revisions"}],"predecessor-version":[{"id":530,"href":"https:\/\/konferencje.ujw.pl\/spolecznosci-lokalne\/index.php\/wp-json\/wp\/v2\/pages\/198\/revisions\/530"}],"wp:attachment":[{"href":"https:\/\/konferencje.ujw.pl\/spolecznosci-lokalne\/index.php\/wp-json\/wp\/v2\/media?parent=198"}],"curies":[{"name":"wp","href":"https:\/\/api.w.org\/{rel}","templated":true}]}}