{"id":218,"date":"2015-10-20T11:27:28","date_gmt":"2015-10-20T09:27:28","guid":{"rendered":"http:\/\/konferencje.dwspit.pl\/spolecznosci-lokalne\/?page_id=218"},"modified":"2019-11-04T13:49:16","modified_gmt":"2019-11-04T12:49:16","slug":"archiwum-konferencji","status":"publish","type":"page","link":"https:\/\/konferencje.ujw.pl\/spolecznosci-lokalne\/index.php\/archiwum-konferencji\/","title":{"rendered":"Archiwum konferencji"},"content":{"rendered":"<blockquote><p><strong>K\u0142odzko 2007<\/strong><\/p><\/blockquote>\n<p><em>Strategie o\u015bwiatowe wobec problematyki migracyjnej uczni\u00f3w i wyzwa\u0144 edukacji przedszkolnej<\/em><\/p>\n<p>Dolno\u015bl\u0105ska Szko\u0142a Wy\u017csza, Urz\u0105d Miasta K\u0142odzka, Powiatowe Centrum Doskonalenia Kadr w K\u0142odzku, Muzeum Ziemi K\u0142odzkiej, K\u0142odzkie Towarzystwo O\u015bwiatowe<\/p>\n<hr \/>\n<blockquote><p><strong>Wa\u0142brzych 2008<\/strong><\/p><\/blockquote>\n<p><em>Lokalne strategie o\u015bwiatowe w polityce edukacyjnej w\u0142adz regionalnych i centralnych<\/em><\/p>\n<p><strong>\u00a0<\/strong>Dolno\u015bl\u0105ska Szko\u0142a Wy\u017csza, Wa\u0142brzyska Wy\u017csza Szko\u0142a Zarz\u0105dzania i Przedsi\u0119biorczo\u015bci<\/p>\n<hr \/>\n<blockquote><p><strong>\u015awidnica 2009<\/strong><\/p><\/blockquote>\n<p><em>Zr\u00f3wnowa\u017cony rozw\u00f3j spo\u0142eczno\u015bci lokalnych w perspektywie<\/em><\/p>\n<p>Dolno\u015bl\u0105ska Szko\u0142a Wy\u017csza, Spo\u0142eczna Wy\u017csza Szko\u0142a Przedsi\u0119biorczo\u015bci i Zarz\u0105dzania w \u015awidnicy, Miasto \u015awidnica, Powiat \u015awidnicki<\/p>\n<hr \/>\n<blockquote><p><strong>Legnica 2010<\/strong><\/p><\/blockquote>\n<p><em>Lokalne potrzeby edukacyjne w perspektywie kszta\u0142cenia w uczelniach wy\u017cszych<\/em><\/p>\n<p>Dolno\u015bl\u0105ska Szko\u0142a Wy\u017csza,\u00a0Wy\u017csza Szko\u0142a Mened\u017cerska w Legnicy i Prezydent Miasta Legnicy<\/p>\n<hr \/>\n<blockquote><p><strong>Polkowice 2011<\/strong><\/p><\/blockquote>\n<p><em>Spo\u0142eczno\u015bci lokalne &#8211; problemy, zmiany, rozw\u00f3j<\/em><\/p>\n<p>Dolno\u015bl\u0105ska Szko\u0142a Wy\u017csza, Wy\u017csza Szko\u0142a Przedsi\u0119biorczo\u015bci i Techniki w Polkowicach, Zwi\u0105zek Powiat\u00f3w Polskich<\/p>\n<hr \/>\n<blockquote><p><strong>\u017bary 2012<\/strong><\/p><\/blockquote>\n<p><em>Spo\u0142eczno\u015bci lokalne w perspektywie wyzwa\u0144 wsp\u00f3\u0142czesno\u015bci<\/em><\/p>\n<p>Zak\u0142ad Pedagogiki Spo\u0142ecznej i Edukacji Regionalnej Wydzia\u0142u Zamiejscowego DSW w K\u0142odzku, \u0141u\u017cycka Wy\u017csza Szko\u0142a Humanistyczna w \u017barach, Dolno\u015bl\u0105ska Wy\u017csza Szko\u0142a\u00a0Przedsi\u0119biorczo\u015bci i Techniki w Polkowicach, Zwi\u0105zek Powiat\u00f3w Polskich, Starosta Powiatu \u017barskiego<\/p>\n<hr \/>\n<blockquote><p><strong>Wroc\u0142aw 2013<\/strong><\/p><\/blockquote>\n<p>Spo\u0142eczno\u015bci lokalne &#8211; przestrze\u0144 dla wsp\u00f3\u0142pracy i rozwoju<\/p>\n<p>Zak\u0142ad Pedagogiki Spo\u0142ecznej i Edukacji Regionalnej Wydzia\u0142u Zamiejscowego DSW w K\u0142odzku, Mi\u0119dzynarodowa Wy\u017csza Szko\u0142a Logistyki i Transportu we Wroc\u0142awiu,\u00a0Dolno\u015bl\u0105ska Wy\u017csza Szko\u0142a\u00a0Przedsi\u0119biorczo\u015bci i Techniki w Polkowicach, Marsza\u0142ek Wojew\u00f3dztwa Dolno\u015bl\u0105skiego<\/p>\n<hr \/>\n<blockquote><p><strong>K\u0142odzko 2014<\/strong><\/p><\/blockquote>\n<p><em>Spo\u0142eczno\u015bci lokalne jako miejsca zmian. Teoria i praktyka<\/em><\/p>\n<p>Zak\u0142ad Pedagogiki Spo\u0142ecznej i Edukacji Regionalnej Wydzia\u0142u Zamiejscowego DSW w K\u0142odzku,\u00a0Dolno\u015bl\u0105ska Wy\u017csza Szko\u0142a\u00a0Przedsi\u0119biorczo\u015bci i Techniki w Polkowicach,\u00a0Zwi\u0105zek Powiat\u00f3w Polskich, Starosta Powiatu K\u0142odzkiego, Burmistrz Miasta K\u0142odzka,\u00a0Marsza\u0142ek Wojew\u00f3dztwa Dolno\u015bl\u0105skiego<\/p>\n<hr \/>\n<blockquote><p><strong>Polkowice 2015<\/strong><\/p><\/blockquote>\n<p><em>Spo\u0142eczno\u015bci lokalne w 25-leciu odrodzonej samorz\u0105dno\u015bci<br \/>\n<\/em><\/p>\n<p>Zak\u0142ad Pedagogiki Spo\u0142ecznej i Edukacji Regionalnej Wydzia\u0142u Zamiejscowego DSW w K\u0142odzku,\u00a0Dolno\u015bl\u0105ska Wy\u017csza Szko\u0142a\u00a0Przedsi\u0119biorczo\u015bci i Techniki w Polkowicach,\u00a0Zwi\u0105zek Powiat\u00f3w Polskich, Starosta Powiatu Polkowickiego, Burmistrz Polkowic,\u00a0Marsza\u0142ek Wojew\u00f3dztwa Dolno\u015bl\u0105skiego<\/p>\n<hr \/>\n<blockquote><p><span style=\"color: #000000;\"><strong>Kobierzyce 2016<\/strong><\/span><\/p><\/blockquote>\n<p><em>Spo\u0142eczno\u015bci lokalne. Praca &#8211; mobilno\u015b\u0107 &#8211; obywatelstwo<\/em><\/p>\n<p>Uczelnia Jana Wy\u017cykowskiego, Dolno\u015bl\u0105ska Szko\u0142a Wy\u017csza, Zwi\u0105zek Powiat\u00f3w Polskich, Starosta Powiatu Wroc\u0142awskiego, Burmistrz Kobierzyc, Marsza\u0142ek Wojew\u00f3dztwa Dolno\u015bl\u0105skiego<\/p>\n<hr \/>\n<blockquote><p><strong><br \/>\nPolkowice 2017<\/strong><\/p><\/blockquote>\n<p><em>Spo\u0142eczno\u015bci lokalne.\u00a0Rozw\u00f3j lokalny w perspektywie\u00a0 spo\u0142eczno-kulturowej<\/em><\/p>\n<p>Uczelnia Jana Wy\u017cykowskiego, Dolno\u015bl\u0105ska Szko\u0142a Wy\u017csza, Zwi\u0105zek Powiat\u00f3w Polskich, Burmistrz Polkowic, Starosta Powiatu Polkowickiego, Marsza\u0142ek Wojew\u00f3dztwa Dolno\u015bl\u0105skiego, Stowarzyszenie Solidarno\u015b\u0107 Polko-Czesko-S\u0142owacka<\/p>\n<p>&nbsp;<\/p>\n<blockquote><p><strong>Polkowice 2018<\/strong><\/p><\/blockquote>\n<p><em>Spo\u0142eczno\u015bci lokalne. Spo\u0142eczno\u015bci lokalne 1918 \u2013 2018: Pami\u0119\u0107 \u2013 tradycje \u2013 perspektywy<\/em><\/p>\n<p>Uczelnia Jana Wy\u017cykowskiego, Dolno\u015bl\u0105ska Szko\u0142a Wy\u017csza, Zwi\u0105zek Powiat\u00f3w Polskich, Burmistrz Polkowic, Starosta Powiatu Polkowickiego, Marsza\u0142ek Wojew\u00f3dztwa Dolno\u015bl\u0105skiego,\u00a0Program \u201eNiepodleg\u0142a\u201d<\/p>\n","protected":false},"excerpt":{"rendered":"<p>K\u0142odzko 2007 Strategie o\u015bwiatowe wobec problematyki migracyjnej uczni\u00f3w i wyzwa\u0144 edukacji przedszkolnej Dolno\u015bl\u0105ska Szko\u0142a Wy\u017csza, Urz\u0105d Miasta K\u0142odzka, Powiatowe Centrum Doskonalenia Kadr w K\u0142odzku, Muzeum Ziemi K\u0142odzkiej, K\u0142odzkie Towarzystwo O\u015bwiatowe <a class=\"more-link\" href=\"https:\/\/konferencje.ujw.pl\/spolecznosci-lokalne\/index.php\/archiwum-konferencji\/\">Continue Reading &amp;amp;amp;amp;amp;amp;amp;amp;amp;amp;amp;amp;amp;amp;amp;amp;amp;amp;amp;amp;amp;amp;amp;amp;amp;rarr;<\/a><\/p>\n","protected":false},"author":2,"featured_media":0,"parent":0,"menu_order":0,"comment_status":"closed","ping_status":"closed","template":"","meta":[],"_links":{"self":[{"href":"https:\/\/konferencje.ujw.pl\/spolecznosci-lokalne\/index.php\/wp-json\/wp\/v2\/pages\/218"}],"collection":[{"href":"https:\/\/konferencje.ujw.pl\/spolecznosci-lokalne\/index.php\/wp-json\/wp\/v2\/pages"}],"about":[{"href":"https:\/\/konferencje.ujw.pl\/spolecznosci-lokalne\/index.php\/wp-json\/wp\/v2\/types\/page"}],"author":[{"embeddable":true,"href":"https:\/\/konferencje.ujw.pl\/spolecznosci-lokalne\/index.php\/wp-json\/wp\/v2\/users\/2"}],"replies":[{"embeddable":true,"href":"https:\/\/konferencje.ujw.pl\/spolecznosci-lokalne\/index.php\/wp-json\/wp\/v2\/comments?post=218"}],"version-history":[{"count":22,"href":"https:\/\/konferencje.ujw.pl\/spolecznosci-lokalne\/index.php\/wp-json\/wp\/v2\/pages\/218\/revisions"}],"predecessor-version":[{"id":519,"href":"https:\/\/konferencje.ujw.pl\/spolecznosci-lokalne\/index.php\/wp-json\/wp\/v2\/pages\/218\/revisions\/519"}],"wp:attachment":[{"href":"https:\/\/konferencje.ujw.pl\/spolecznosci-lokalne\/index.php\/wp-json\/wp\/v2\/media?parent=218"}],"curies":[{"name":"wp","href":"https:\/\/api.w.org\/{rel}","templated":true}]}}